{"id":20,"date":"2013-07-04T10:44:49","date_gmt":"2013-07-04T10:44:49","guid":{"rendered":"http:\/\/www.bodyemotion.ch\/wordpress_1\/?page_id=20"},"modified":"2015-08-11T07:37:50","modified_gmt":"2015-08-11T07:37:50","slug":"massage","status":"publish","type":"page","link":"https:\/\/www.bodyemotion.ch\/?page_id=20","title":{"rendered":"Massage"},"content":{"rendered":"<div class=\"one-fourth first\">\n<a href=\".\/?page_id=20\"><img loading=\"lazy\" decoding=\"async\" class=\"alignnone size-full wp-image-265\" alt=\"Massage Page\" src=\"http:\/\/www.bodyemotion.ch\/wordpress_1\/wp-content\/uploads\/massage-h1.jpg\" width=\"327\" height=\"266\" srcset=\"https:\/\/www.bodyemotion.ch\/wordpress_1\/wp-content\/uploads\/massage-h1.jpg 327w, https:\/\/www.bodyemotion.ch\/wordpress_1\/wp-content\/uploads\/massage-h1-300x244.jpg 300w\" sizes=\"(max-width: 327px) 100vw, 327px\" \/><\/a><br \/>\n<\/div>\n<div class=\"one-fourth\">\n<a href=\".\/?page_id=296\"><img loading=\"lazy\" decoding=\"async\" class=\"alignnone size-full wp-image-262\" alt=\"Massage: Ausbildung\" src=\"http:\/\/www.bodyemotion.ch\/wordpress_1\/wp-content\/uploads\/massage-h2.jpg\" width=\"325\" height=\"266\" srcset=\"https:\/\/www.bodyemotion.ch\/wordpress_1\/wp-content\/uploads\/massage-h2.jpg 325w, https:\/\/www.bodyemotion.ch\/wordpress_1\/wp-content\/uploads\/massage-h2-300x245.jpg 300w\" sizes=\"(max-width: 325px) 100vw, 325px\" \/><\/a><br \/>\n<\/div>\n<div class=\"one-fourth\">\n<a href=\".\/?page_id=289\"><img loading=\"lazy\" decoding=\"async\" class=\"alignnone size-full wp-image-263\" alt=\"Massage: Angebot\" src=\"http:\/\/www.bodyemotion.ch\/wordpress_1\/wp-content\/uploads\/massage-h3.jpg\" width=\"325\" height=\"266\" srcset=\"https:\/\/www.bodyemotion.ch\/wordpress_1\/wp-content\/uploads\/massage-h3.jpg 325w, https:\/\/www.bodyemotion.ch\/wordpress_1\/wp-content\/uploads\/massage-h3-300x245.jpg 300w\" sizes=\"(max-width: 325px) 100vw, 325px\" \/><\/a><br \/>\n<\/div>\n<div class=\"one-fourth\">\n<a href=\".\/?page_id=268\"><img loading=\"lazy\" decoding=\"async\" class=\"alignnone size-full wp-image-264\" alt=\"Massage: Termine und Preis\" src=\"http:\/\/www.bodyemotion.ch\/wordpress_1\/wp-content\/uploads\/massage-h4-Preise.jpg\" width=\"326\" height=\"266\" \/><\/a><br \/>\n<\/div>\n<div class=\"clear\"><\/div>\n<div id=\"round-wrapper\">\n<h1>Die meisten Menschen lieben Massagen. Das verstehe ich gut.<\/h1>\n<p><span id=\"content_text\">In der heutigen Zeit nehmen Leistungsdruck und Stress immer mehr zu. Wenn die Leute erfahren, dass ich als Masseurin arbeite, fassen sich viele sofort an den Nacken oder st\u00f6hnen \u201cich bin immer so verspannt\u201d.<\/p>\n<p>Das war einer der Gr\u00fcnde, warum ich mich vor vielen Jahren zu der Ausbildung entschlossen habe. Entspannungs- und Sport-Massagen k\u00f6nnen viele verschiedene Wirkungen haben, doch grunds\u00e4tzlich geht es darum, sich im eigenen K\u00f6rper wohler zu f\u00fchlen, zu entspannen oder anzuregen und neue Energien zu tanken.<\/p>\n<p>BodyEmotion steht f\u00fcr ein gutes K\u00f6rpergef\u00fchl und dazu m\u00f6chte ich m\u00f6glichst viel beitragen.<\/span>\n<\/div>\n","protected":false},"excerpt":{"rendered":"<p>Die meisten Menschen lieben Massagen. Das verstehe ich gut. In der heutigen Zeit nehmen Leistungsdruck und Stress immer mehr zu. Wenn die Leute erfahren, dass ich als Masseurin arbeite, fassen sich viele sofort an den Nacken oder st\u00f6hnen \u201cich bin immer so verspannt\u201d. Das war einer der Gr\u00fcnde, warum ich mich vor vielen Jahren zu [&hellip;]<\/p>\n","protected":false},"author":2,"featured_media":0,"parent":0,"menu_order":2,"comment_status":"closed","ping_status":"closed","template":"","meta":{"ngg_post_thumbnail":0,"footnotes":""},"class_list":["post-20","page","type-page","status-publish","hentry"],"_links":{"self":[{"href":"https:\/\/www.bodyemotion.ch\/index.php?rest_route=\/wp\/v2\/pages\/20"}],"collection":[{"href":"https:\/\/www.bodyemotion.ch\/index.php?rest_route=\/wp\/v2\/pages"}],"about":[{"href":"https:\/\/www.bodyemotion.ch\/index.php?rest_route=\/wp\/v2\/types\/page"}],"author":[{"embeddable":true,"href":"https:\/\/www.bodyemotion.ch\/index.php?rest_route=\/wp\/v2\/users\/2"}],"replies":[{"embeddable":true,"href":"https:\/\/www.bodyemotion.ch\/index.php?rest_route=%2Fwp%2Fv2%2Fcomments&post=20"}],"version-history":[{"count":19,"href":"https:\/\/www.bodyemotion.ch\/index.php?rest_route=\/wp\/v2\/pages\/20\/revisions"}],"predecessor-version":[{"id":786,"href":"https:\/\/www.bodyemotion.ch\/index.php?rest_route=\/wp\/v2\/pages\/20\/revisions\/786"}],"wp:attachment":[{"href":"https:\/\/www.bodyemotion.ch\/index.php?rest_route=%2Fwp%2Fv2%2Fmedia&parent=20"}],"curies":[{"name":"wp","href":"https:\/\/api.w.org\/{rel}","templated":true}]}}